 20. Is d composite?
False
Let l(c) = c**3 + 8*c**2 - 7*c - 1. Is l(-7) composite?
False
Let g(b) = -b**3 - 2*b + 2*b - 4*b**2 + 7*b + 6. Let x be g(-6). Suppose -k = -q + x, q = -5*k + k + 31. Is q a composite number?
True
Let p(z) = -98*z**3 - 10*z**2 - z + 3. Is p(-2) a prime number?
False
Suppose 8*s - 15 = 5*s. Suppose -113 = -s*u + 4*u. Is u prime?
True
Let c(m) = -3*m - 8. Let n be c(-7). Let d = -22 + n. Let a = 19 + d. Is a a prime number?
False
Let u = -4 - -2. Let b be 2 + 104 + -2 + u. Let d = b - 53. Is d a composite number?
True
Let v be 246/(-78) + (-2)/(-13). Let f = 7 - v. Suppose m = f + 47. Is m composite?
True
Let w be (8/(-10))/(4/(-30)). Let s(l) = 17*l + 4. Is s(w) a composite number?
True
Is (4 - 0)*-1 + 78 a composite number?
True
Let p = -2 - 1. Is p*8/(-12) + 141 composite?
True
Let k = -202 - -759. Is k composite?
False
Let x(v) be the third derivative of v**5/30 + v**4/12 - v**3/6 + v**2. Is x(4) a composite number?
True
Suppose -u = 2*w + 4*u - 17, 0 = 5*w + 2*u + 10. Let n = 569 + w. Is n composite?
True
Suppose -2*f + 0*q = 2*q - 22, -q = -3*f + 17. Suppose -70 = f*w - 9*w. Is w prime?
False
Suppose 4*m - 518 = f + 2*f, -m - 327 = 2*f. Let g = -51 - f. Is g a prime number?
False
Let v(s) be the second derivative of -s + 9/2*s**3 + 0 + 1/2*s**2. Is v(2) a prime number?
False
Suppose -4*a = -9*a + 4595. Is a prime?
True
Let r = 8024 + -2893. Is r composite?
True
Suppose -4*l - 3439 = -2*r - 3*r, -4*l + 3*r - 3433 = 0. Is (-3)/(-9) - l/6 composite?
True
Let h(s) = -s**2 + 4. Let c be h(0). Suppose -4*i - 904 = -c*y, -i + y - 234 = -4*y. Let l = i + 319. Is l composite?
True
Let u(r) = -4*r**2 + 10*r - 9. Let h be u(6). Is (2/2)/((-3)/h) a composite number?
False
Let m = -9 + 40. Is m a prime number?
True
Let r(w) = w**3 - 12*w**2 + 25*w - 13. Is r(10) composite?
False
Let h = 8 - 11. Let a be h/(-6) + 38/(-4). Is (-2)/(-6) + (-51)/a composite?
True
Suppose -4*s - 3*d = 204, d + 2*d = -5*s - 255. Let r be (-20)/70 - 96/7. Let m = r - s. Is m composite?
False
Suppose 30*d = 23*d + 5131. Is d a prime number?
True
Let o(u) = -41*u**2 - 4*u + 3. Let p be o(2). Let s = p - -448. Suppose s = 5*a - 106. Is a a composite number?
True
Let y(x) = -10*x + 11. Let c be y(8). Let n = 59 - 93. Let w = n - c. Is w composite?
True
Let y(h) = -51*h + 13. Let u(c) = -26*c + 7. Let q(a) = 11*u(a) - 6*y(a). Is q(4) composite?
False
Suppose 3*z + 152 = z. Let m = z - -129. Is m a prime number?
True
Let s = 5 - 3. Suppose -534 = l + s*l. Is 1/(-4) + l/(-8) a composite number?
True
Let h(n) = -3*n + 6. Let m(q) = -4*q + 5. Let g(j) = -3*h(j) + 4*m(j). Is g(-5) prime?
True
Let n(j) be the second derivative of j**5/20 + j**4/12 - j**3/2 + 3*j**2/2 + 2*j. Let p be n(3). Let c = 77 - p. Is c composite?
False
Let u(m) = 51*m + 1. Is u(6) composite?
False
Let i = 420 + -262. Is i composite?
True
Let d(r) = r + 7*r**3 - 5*r**3 + r**2 - 6*r**2 + 3. Is d(5) a prime number?
False
Suppose -5*b + 29 = -1. Suppose n - 2*s + b*s = 99, 3*s + 154 = 2*n. Is n prime?
True
Let l = 3686 - 1075. Is l a composite number?
True
Let c(z) = z**3 - z**2 - z - 1. Let w(i) = -5*i**3 + 18*i**2 + 21*i + 9. Let m(g) = 6*c(g) + w(g). Is m(-10) prime?
True
Suppose 0*f - 2*f = 0. Suppose -3*c + 7 = -4*o, -5*o + c + 5 = -f*o. Suppose -o*g = -74 - 104. Is g prime?
True
Let n be (3/(-5))/((-5)/25). Suppose -2*q + 5*c + 16 = 2*q, -n*c = 5*q - 20. Suppose -5 = -q*k + 143. Is k prime?
True
Let j(p) = -7*p**3 - 10*p - 1. Is j(-4) composite?
False
Let l(j) = -106*j**3 - 2*j**2 - 2*j - 1. Let r be l(-1). Suppose -3*x + 3*s = -0*s - r, -101 = -3*x + 2*s. Is x composite?
False
Let o(g) = 12*g**2 + g + 3. Suppose c = 5*x + 21, -5*c - 4*x + 3*x = 25. Is o(c) a prime number?
True
Suppose 0 = -c + t + 2, c + 5*t = -0 + 2. Let d = 0 + c. Is 19 + d + -2 + 0 a composite number?
False
Let r = -28 + 79. Suppose -5*y - 255 = -75. Let m = y + r. Is m a prime number?
False
Let r = 307 + 970. Is r composite?
False
Suppose 0 = -3*d + 4*d - 12. Let w = 43 + d. Is w a composite number?
True
Let q be ((-37)/3)/((-2)/12). Suppose 2*a + 115 = 7*a. Let r = q - a. Is r prime?
False
Suppose 4*g = -5*q + 1263, 2*q - g - 751 = -q. Is q prime?
True
Let t = 134 - -1017. Is t a composite number?
False
Suppose -h = -2*h + 3*y - 21, 94 = -4*h + 2*y. Let x(u) = u**3 - u**2 + u + 43. Let k be x(0). Let m = h + k. Is m composite?
False
Suppose 0 = -3*d + d + 6. Is (-6820)/(-77) + d/7 a prime number?
True
Suppose -4*k - 6*x = -3*x - 3556, 0 = 4*x. Is k composite?
True
Suppose 0*z = -z - 3*s + 124, 0 = -2*z - s + 253. Is z prime?
True
Is 2761/9 - (0 + 8/(-36)) prime?
True
Is (-221)/(-34)*4*1 a prime number?
False
Suppose -2*g + 5*r = g - 29, 2*g - 2*r = 18. Suppose 0 = -2*p - 2*p + g. Suppose -p*z = -82 - 180. Is z a prime number?
True
Let u be (-12 + 3)/(2/(-18)). Let r = u - 38. Is r prime?
True
Suppose -4*g = -3*c - 19, -2*c - 1 = 4*g + 5. Let i(f) = 76*f**2 + 1. Is i(g) composite?
True
Let m(k) = 18*k**3 + k - 1. Let c be m(1). Let r = -27 - -16. Let w = r + c. Is w a prime number?
True
Let y = 10 - 5. Suppose -2*l = -2*j + 5*j - 40, -5*j = -y*l + 125. Is l prime?
True
Suppose 5*r - 3*v - 2411 = 0, -v = -5*r - 3*v + 2401. Is r composite?
True
Let c be 404/(-10) - (-4)/10. Let x(k) = 6*k**2 + k + 2. Let p be x(3). Let r = c + p. Is r composite?
False
Suppose -894 = -7*p + p. Is p prime?
True
Suppose 2 - 66 = -4*j. Suppose n - j = -3*n. Is (388/(-16))/((-1)/n) a prime number?
True
Suppose -2*v + 182 = 5*j, 8*v + 2*j = 3*v + 455. Let w = v - 4. Is w a composite number?
True
Is 2/8*8980/5 composite?
False
Let n(i) = -6*i - 5. Let q(p) = 2*p. Let o be q(-2). Is n(o) composite?
False
Let z(m) = 4*m**2 - 17*m + 14. Is z(-9) composite?
False
Suppose 0 = -n - 4*y + 113, 0*n - 3*n = 2*y - 339. Is n a prime number?
True
Is (-1949)/((-3 + 4)*-1) a prime number?
True
Let t = -679 - -407. Let l = t + 507. Is l a composite number?
True
Let s(d) = d**3 - 2*d**2 + d + 11. Is s(5) a prime number?
False
Suppose 2*w - 14 = 3*s + 6, 3*s = 3*w - 24. Is (-110)/(-3) - w/(-12) prime?
True
Suppose -w = -1224 - 937. Is w prime?
True
Suppose -3*s = 2*s. Is 35/1 + -2 + s prime?
False
Let a be 4*((-10)/4 - -3). Suppose a*n - 4*n = -98. Is n prime?
False
Let f(y) = 394*y + 7. Let p(z) = 197*z + 3. Let b(x) = 4*f(x) - 9*p(x). Let c be b(-2). Suppose -3*j = 2*j - c. Is j prime?
True
Suppose 0 = -p - 3*p + 456. Is p - (-4 - (4 - 11)) prime?
False
Let l(x) = x**3 - 22*x**2 + 28*x - 41. Is l(21) prime?
False
Let w = -1 + 1. Suppose -5*n + w*p - 355 = 2*p, -p = 2*n + 141. Let k = n + 228. Is k composite?
True
Let u be 4/((-206)/(-102) - 2). Let l = u - 121. Is l a composite number?
False
Let i be (-1 - (-1 - 0))/1. Suppose i = u + 3*u + 24. Is (-292)/u + 2/6 composite?
True
Let g = 1019 + -1465. Let s = -81 - g. Is s a prime number?
False
Let r = 411 + 4762. Is r composite?
True
Let o(i) = 12*i - 5. Suppose 4*z - 12 = 12. Is o(z) prime?
True
Let t = 10 - 7. Suppose a + t = 4*u - 5, -5*a + 32 = 4*u. Suppose -u*j - 4*s = -327, 2*j - 128 = j + 5*s. Is j a composite number?
False
Let a = -15 + 18. Suppose 286 = -x + a*x. Is x a prime number?
False
Suppose -846 = -4*q + 2*a, 0 = 2*q - 4*q + 3*a + 425. Is q prime?
True
Let d be (0/(-2))/(1/1). Suppose d = 3*c - 5*c + 742. Is c a composite number?
True
Let d(r) = 3*r**3 - 10*r**2 + 6*r - 8. Let v be d(7). Let k = -306 + v. Is k prime?
False
Suppose m - 2*m - s + 117 = 0, 0 = -4*m + 5*s + 495. Let g = -123 - -52. Let u = m + g. Is u prime?
False
Let u(g) = -19*g**2 - 3 + g + 3. Let f be u(-4). Is (f/8)/(2/(-4)) a prime number?
False
Let g = -2164 - -3041. Is g composite?
False
Suppose 76 = z - 83. Let k = 242 - z. Is k a prime number?
True
Suppose 3*r - 888 = -3*a, -4*r + 3*a = -2*a - 1175. Is r a composite number?
True
Suppose -30 = 5*b + 5*u, 0*b - 14 = 5*b - 3*u. Let d be (b/10)/(1/(-10)). Suppose -4*i + 1 = -t + 7, -2*t + 60 = d*i. Is t a composite number?
True
Suppose 2*r + 802 = 2*x, 2*x + r - 2*r - 804 = 0. Is x a prime number?
False
Let d = 227 + -46. Suppose 4*y - d = w, -4*w + 200 = 4*y + 4. Suppose -c + y = v, -83 = 4*c - 6*c - 5*v. Is c a prime number?
False
Suppose -22 = -4*z - 2. Let d(w) = w**2 + 4*w**2 + 11*w + 7 - 6*w**2. Is d(z) a composite number?
False
Let b be 4/(-6) + 40/15. Suppo